number?
True
Is 2972601583 a prime number?
False
Is 3194929549 prime?
False
Is 1165139713 prime?
True
Is 5558125337 composite?
False
Is 81008201 a prime number?
True
Is 18516559099 composite?
False
Is 901948721 a prime number?
False
Is 3772094701 composite?
False
Is 98734331333 a composite number?
True
Is 386129489 a prime number?
True
Is 42873203 composite?
False
Is 788612003 a composite number?
True
Is 56065592771 prime?
True
Is 47224055009 prime?
False
Is 38423398207 a composite number?
True
Is 53355006259 a composite number?
True
Is 3650541137 a prime number?
False
Is 41011607341 composite?
False
Is 1642680287 a prime number?
True
Is 378408757 a composite number?
True
Is 70356686551 a prime number?
False
Is 270313607 composite?
False
Is 33142498771 prime?
False
Is 33695681399 composite?
False
Is 60866321 prime?
True
Is 3914579057 a composite number?
True
Is 2753469533 composite?
False
Is 23983239281 prime?
False
Is 612224443 a prime number?
True
Is 192637531 prime?
False
Is 1556255951 a composite number?
True
Is 817870045 prime?
False
Is 6581744887 prime?
False
Is 189694788037 a prime number?
False
Is 1473057637 prime?
True
Is 7156462897 a composite number?
False
Is 2989626523 a composite number?
True
Is 69985480427 prime?
False
Is 8012158519 a prime number?
True
Is 19884080071 a prime number?
False
Is 3416496673 prime?
False
Is 559821335 a prime number?
False
Is 3434703253 a prime number?
True
Is 6266843203 prime?
True
Is 3730554629 a prime number?
False
Is 40333877 prime?
False
Is 247161307 a composite number?
False
Is 26179141341 a prime number?
False
Is 1255372091 composite?
False
Is 19323295681 a composite number?
False
Is 22921215089 composite?
True
Is 2820644707 prime?
True
Is 37823491177 composite?
True
Is 1862902451 prime?
True
Is 69172577557 a prime number?
False
Is 62974107409 prime?
False
Is 1157022769 prime?
False
Is 2345797787 prime?
False
Is 2846023267 a composite number?
False
Is 3588155063 composite?
False
Is 1605554585 a prime number?
False
Is 89478757 composite?
True
Is 289559265115 a composite number?
True
Is 3154816177 prime?
True
Is 137856427691 composite?
False
Is 33139976039 a composite number?
False
Is 2030597693 a composite number?
True
Is 471735637 a prime number?
False
Is 11033791183 composite?
False
Is 49784943517 prime?
False
Is 9493136897 a composite number?
False
Is 196698233 composite?
False
Is 658221023 a prime number?
False
Is 176842424033 a composite number?
True
Is 133347499 a prime number?
True
Is 159628853 a prime number?
True
Is 243218543 prime?
True
Is 1217188307 a prime number?
False
Is 3935391077 composite?
True
Is 29203176851 prime?
True
Is 310161071581 a prime number?
True
Is 2159173 composite?
True
Is 1608352861 a composite number?
True
Is 398089458947 prime?
True
Is 11782918643 a prime number?
True
Is 1420250693 prime?
False
Is 185947233 a composite number?
True
Is 38005825409 a composite number?
False
Is 17087568079 a prime number?
True
Is 31226917 prime?
True
Is 72979225637 a composite number?
True
Is 28945871 prime?
True
Is 8626215607 a prime number?
True
Is 1234470857 composite?
True
Is 5144797919 prime?
True
Is 11645120341 a composite number?
False
Is 21237916211 a composite number?
True
Is 1096268287 composite?
False
Is 333816179 prime?
True
Is 5941611899 prime?
True
Is 5481462577 a prime number?
True
Is 2005676027 composite?
True
Is 5753641051 composite?
True
Is 653696711 prime?
True
Is 4810332623 a prime number?
False
Is 3138188443 a prime number?
False
Is 65766295093 a composite number?
False
Is 850915427 prime?
False
Is 11178015631 a prime number?
True
Is 10164474209 a composite number?
True
Is 6336013 composite?
False
Is 9727916717 prime?
True
Is 11244791477 a prime number?
False
Is 1175307667 a prime number?
False
Is 11906724785 a prime number?
False
Is 35555324027 composite?
False
Is 1974574439 composite?
True
Is 5179673971 prime?
False
Is 569776919 a composite number?
True
Is 9317676059 prime?
False
Is 200950074797 a composite number?
True
Is 2057528093 a composite number?
False
Is 4738614469 composite?
False
Is 1402248433 a prime number?
True
Is 96190729471 composite?
False
Is 15400925495 a composite number?
True
Is 166041701 a prime number?
False
Is 34292549989 composite?
True
Is 43546279629 composite?
True
Is 1505046826 a prime number?
False
Is 64724487431 a composite number?
True
Is 14945156449 composite?
False
Is 357432787 a composite number?
False
Is 164810381 composite?
False
Is 335243633 a prime number?
True
Is 670044773 prime?
True
Is 3247521113 composite?
False
Is 562381411 a prime number?
True
Is 189163261031 a prime number?
True
Is 7260515803 prime?
True
Is 1059633931 a composite number?
False
Is 12340309 a composite number?
False
Is 17150310977 prime?
False
Is 4735009894 a prime number?
False
Is 28029515809 prime?
False
Is 31863863719 composite?
False
Is 7831343 a composite number?
True
Is 32204597 composite?
False
Is 63156677947 a prime number?
False
Is 1233299461 a prime number?
True
Is 137941091 a composite number?
False
Is 696532003 prime?
False
Is 205389761 prime?
True
Is 126480707 a composite number?
False
Is 1167755909 a composite number?
False
Is 89870113 composite?
False
Is 11039091761 a composite number?
False
Is 2498781283 prime?
True
Is 11597973649 prime?
False
Is 213540683 prime?
False
Is 39359615387 prime?
False
Is 14717340713 composite?
True
Is 8665959583 a prime number?
False
Is 7023210257 a composite number?
True
Is 24323167327 a prime number?
True
Is 114469026463 prime?
False
Is 2487024349 prime?
True
Is 2147292523 a composite number?
False
Is 1983544399 composite?
True
Is 9947383 prime?
True
Is 2538669605 a prime number?
False
Is 3550413991 a composite number?
False
Is 42692594393 a prime number?
False
Is 9471556961 prime?
False
Is 6631078067 prime?
False
Is 1504099693 prime?
True
Is 2410292497 a composite number?
False
Is 1169050431 composite?
True
Is 369601123 prime?
False
Is 3048506287 a composite number?
False
Is 16513328611 composite?
True
Is 4227714779 a composite number?
False
Is 1345124369 composite?
False
Is 3147897261 composite?
True
Is 5849143579 prime?
True
Is 118606546511 a prime number?
False
Is 54837157393 a prime number?
True
Is 135605153 a composite number?
True
Is 146262830369 composite?
False
Is 1015320883 prime?
True
Is 1060808131 a composite number?
True
Is 135813465157 a composite number?
False
Is 19939760941 a prime number?
True
Is 643784417 composite?
False
Is 17522660161 prime?
True
Is 80590584721 prime?
True
Is 969555329 a composite number?
False
Is 317189093 prime?
False
Is 49869077443 composite?
False
Is 64410474329 a prime number?
True
Is 8694880879 prime?
True
Is 72964948699 prime?
False
Is 87607597261 prime?
True
Is 2082981941 composite?
True
Is 653110993 prime?
True
Is 25372343593 a composite number?
False
Is 283950285953 composite?
False
Is 4567866115 a composite number?
True
Is 648111253 composite?
True
Is 20468896655 a prime number?
False
Is 860551243 a composite number?
False
Is 7498369277 a prime number?
False
Is 123036791 a composite number?
False
Is 548828767 a prime number?
True
Is 2110416353 a composite number?
False
Is 268789050781 a prime number?
True
Is 5976490406 prime?
False
Is 6939923 prime?
True
Is 136478591 prime?
True
Is 13241888243 composite?
False
Is 31657854827 a composite number?
False
Is 6423971599 a composite number?
True
Is 33095361011 a prime number?
True
Is 1095039769 composite?
True
Is 533406943 a composite number?
True
Is 12698420279 prime?
True
Is 4101248089 a composite number?
True
Is 716493763 composite?
False
Is 1850464171 a prime number?
True
Is 68970168907 composite?
True
Is 42525733 a prime number?
False
Is 1090445747 composite?
True
Is 60205340651 a prime number?
True
Is 2602800761 prime?
False
Is 18764022131 a prime number?
False
Is 35375279131 a composite number?
False
Is 4711151 a prime number?
False
Is 3794216071 a prime number?
True
Is 108424207 a composite number?
True
Is 931640033 composite?
False
Is 110544665639 a prime number?
True
Is 6308300899 prime?
False
Is 2917398521 a composite number?
True
Is 5230341769 prime?
True
Is 14390791451 a composite number?
True
Is 23675587259 a composite number?
False
Is 10192993033 composite?
True
Is 209590415 a prime number?
False
